= d*t. What is the hundreds digit of q?
9
Let y(n) = n**3 + 16*n**2 - 95*n - 20. Let x be y(-20). Suppose -x*d - 3426 = -283*d. What is the hundreds digit of d?
1
Let p be 1/((-5)/3) - (-3048)/30. Let a = -219 - -573. Suppose h + 2*s = p, 3*s = 4*h + s - a. What is the units digit of h?
1
Let s = -91 + 163. Let w = 2 + 2. Suppose s = 2*z + 2*f - 0*f, -3*z + w*f = -80. What is the units digit of z?
2
Let x(z) be the second derivative of z**4/6 + z**3/6 - 13*z**2/2 - 1106*z. Let g = 21 - 29. What is the hundreds digit of x(g)?
1
Suppose 0 = 4*n + 4*r + 11 + 9, -5*n = 4*r + 20. What is the units digit of (-1)/(-4)*n - 1 - -10?
9
Let p = 41 - 41. Suppose 0*j - 3*j + 2199 = p. Suppose -j = -5*b - 223. What is the hundreds digit of b?
1
Suppose 41*z + 2284989 = 200*z. What is the hundreds digit of z?
3
Let n = -61 - -64. What is the units digit of (7 - 1) + n/(24/9088)?
2
What is the tens digit of 5/(35/2) + (-365790)/(-7) - -3?
5
Suppose 3*v + v + 3*h = 60582, 0 = -4*h - 8. What is the thousands digit of v?
5
Let t = 3903 + -818. What is the hundreds digit of t?
0
Let r = -45 - -15. Let y = -48 - r. Let l = y + 126. What is the tens digit of l?
0
Let d = -57 + 94. Let s = 42 - d. Suppose -s*t = -3*i - 147 - 2, -3*i = 5*t - 131. What is the tens digit of t?
2
Suppose 355*g - 4442182 = 5689518. What is the thousands digit of g?
8
Suppose 0 = 4*w + m - 3, -2*m = 5*w - 3*m - 15. Let c(i) = -3*i + 2. Let p be c(w). What is the hundreds digit of (((-192)/(-18))/8)/(p/(-534))?
1
Let g(d) = -50*d + 1638. What is the hundreds digit of g(21)?
5
Suppose 37 - 41 = -r, -3*r = -3*n + 37599. What is the tens digit of n?
3
Let t = 59 - 31. Suppose -z + 0*z - t = -2*o, z + 3*o + 8 = 0. What is the hundreds digit of ((-388)/z)/(3/15) + 3?
1
Suppose 160*a - 157*a - 128686 = 4*d, 0 = a + 4*d - 42858. What is the tens digit of a?
8
What is the hundreds digit of 24/(-16)*4332/(-19)?
3
Suppose 52*s - 49*s - 6 = 0. Suppose 5*b = -y + 27, s*y + y = b + 49. What is the tens digit of y?
1
Let m = 23194 - 8797. What is the hundreds digit of m?
3
Let y = -18586 + 27031. What is the tens digit of y?
4
Let r = 1430 + 4457. What is the tens digit of r?
8
Let o = 975 - -5378. What is the hundreds digit of o?
3
Suppose -2*r = -0*r - 74. Suppose -2*b - 4*x = -114, 5*x = 2*b - 86 - r. What is the tens digit of b?
5
Suppose 0 = -t + 5*f + 2774, 4*t + 185*f - 11096 = 182*f. What is the hundreds digit of t?
7
What is the units digit of (1/(3/(-27)))/((-516)/392848)?
2
Suppose 0 = t - 2 - 2. Suppose t = 4*p - 4*z, -3*z + 4*z - 4 = 0. Suppose 0 = 3*g - 3*q - 27, 0 = 3*g - q + p*q + 1. What is the units digit of g?
5
Let z = 57 - 55. Let m be -7 + 4/z + 0 + -1. What is the hundreds digit of (-2)/9*m*1449/14?
1
Let z(b) be the second derivative of -b**3 + 7*b**2 + 0 - 40*b + 5/3*b**4 - 1/20*b**5. What is the units digit of z(19)?
1
Let t = -81 - -80. Let f(o) = -9*o - 4. What is the units digit of f(t)?
5
Suppose -70*b = -73*b - 1941. Let h = b + 1235. What is the tens digit of h?
8
Let y(b) = -b**3 + 109*b**2 + 14*b + 1895. What is the tens digit of y(105)?
6
Suppose 0 = -54*v + 4*v - 108*v + 1961412. What is the tens digit of v?
1
What is the units digit of (-1330)/(-266)*((-87166)/(-10) + 2)?
3
Let p(v) = 295*v**3 + v**2 - 2*v + 2. Let m be (-4)/(-3)*(-12)/(-16). Let h be p(m). Suppose 5*l - 154 = h. What is the tens digit of l?
9
Suppose 36 = 18*b - 90. What is the tens digit of (-5 + -30)/b + 495?
9
Let n(y) = -y**2 + 29*y + 6. Let d be n(29). Suppose -d*g - 1988 = -10*g. What is the hundreds digit of g?
4
Suppose -3*b - 19 = -r + 44, 0 = -2*b - 5*r - 59. Let z = b + 24. Suppose -3*w = -z*v - 179, 6*v + 20 = v. What is the tens digit of w?
5
Let m(z) = 21*z**2 - 8*z + 7. Let v = -46 + 47. What is the units digit of m(v)?
0
Let l = 5 + -3. Suppose l*m = -9 + 3. What is the tens digit of m + 5 - 29/(-1)?
3
Let x(p) be the second derivative of p**4/3 - 7*p**3/6 - p**2/2 + 6*p. Let g be x(-5). Let q = g - 42. What is the units digit of q?
2
Suppose 3*l + 4*g = -23, 5 + 15 = 5*g. Let q(f) = -31*f - 69. What is the tens digit of q(l)?
3
Suppose -n + 4*r - 1 = -2, -3*r + 4 = 4*n. Let t(s) = -14*s - 1. Let v be t(n). What is the units digit of ((v/(-4))/(9/(-72)))/(-2)?
5
Let h be (3 - 2 - 522)*(-1 - 0). Let i = 31 + h. What is the hundreds digit of i?
5
Let r be (-54)/12 + 3 + 9/(-2). Let l be (21/r)/(-7)*0. Suppose l*y + 1085 = 5*y. What is the tens digit of y?
1
Suppose 72*m + 10*m - 71365 - 619075 = 0. What is the units digit of m?
0
Let i = 6967 + -4305. Suppose -8*s + 2138 = -i. Suppose 0 = 5*a + 5*m - s, -m = 5*a + 2*m - 604. What is the tens digit of a?
2
Let g(r) be the third derivative of r**5/60 + 5*r**4/24 + 4*r**3/3 + 30*r**2. What is the tens digit of g(5)?
5
Let d(r) = 2*r**2 + 27*r + 21. Suppose 5*p + 20 = -2*f, p - 22 + 50 = -2*f. What is the tens digit of d(f)?
6
Let s = -384 + 391. Suppose v = -9*w + s*w + 2484, -5*w + 6209 = 3*v. What is the thousands digit of w?
1
Suppose -30 = -d - 4*d + k, -3*d - 5*k = -46. Suppose 916 = d*j - 365. Suppose 5*u = 3*p - j + 561, u + p - 82 = 0. What is the units digit of u?
8
Let p(q) = 2*q**2 + 3*q - 2. Let r(b) = b**2 - 16*b + 29. Let x be r(14). Let g be p(x). Suppose 8*o = g*o + 225. What is the tens digit of o?
4
Suppose 133*o = 137*o - 16060. What is the units digit of o?
5
Let b = -48 + 114. Suppose 9*w = -2*w + b. What is the units digit of (2/w - (-2010)/18) + -2?
0
Let l(z) = z**3 - 2*z**2 + 9*z - 16. Let b be l(2). Suppose 3*r - 3132 = -b*y, 31*y - 27*y - 6272 = -2*r. What is the thousands digit of y?
1
Let n be -4 + ((-28)/3)/((-11)/(-1452)). Let z = n - -1792. What is the tens digit of z?
5
Let q = -5304 - -17085. What is the units digit of q?
1
Suppose 17*r - 324753 = r - 51105. What is the thousands digit of r?
7
Suppose -119 = 2*c + 65. Let d be (10 + 6)*2/(-4). What is the units digit of (2231/c)/(2/d)?
7
Suppose -1370*w + 1365*w - 280 = 0. Let h(o) = -o**2 + 6*o - 2. Let c be h(5). What is the units digit of w/c*-2*(-72)/(-14)?
2
What is the units digit of (386 + -415)/(2/(-134) + 0)?
3
Suppose 1235 = -14*h + 10587. Suppose -64 = a - h. What is the units digit of a?
4
Suppose 0*n + 3 = n. Suppose -3*g - 2*g = n*v - 621, 2*v + 3*g - 414 = 0. What is the hundreds digit of v?
2
Suppose w - 2*d = 2102, 16*w - 8429 = 12*w + d. Suppose f + 3*o - 433 = 0, -5*f + 5*o = o - w. What is the units digit of f?
4
Let l(f) = 149 + 7*f - 102 + 2*f**2 + 2*f**2. What is the units digit of l(-7)?
4
Suppose -7*l + 16 + 54 = 0. Let h be (-5626)/l + (-8)/20. Let v = h - -793. What is the tens digit of v?
3
Let z = -1381 - -3494. What is the units digit of z?
3
Let o(i) = -3*i**3 + 141*i**2 - 13*i + 112. What is the tens digit of o(46)?
6
Suppose 4*d = 7*d + 5*a - 20604, a - 3 = 0. What is the thousands digit of d?
6
What is the hundreds digit of ((-14)/42*-147)/(-3 + (-4674)/(-1557))?
4
Let i(a) = 1093*a + 796. What is the hundreds digit of i(4)?
1
Let g = 81 - 72. Suppose 3 + g = 6*z. Suppose 356 = 4*k + 4*c, -k = 2*k - z*c - 292. What is the units digit of k?
4
Let f(s) = -s + 7. Let u be f(5). Let l be u + 0 + 2 + -3 + 3. What is the units digit of (-3912)/(-96) - (-1)/l?
1
Suppose 2*l = -d + 31, -5*l + 3*l + 2*d = -22. Suppose 1124 = l*s - 1634. What is the tens digit of s?
9
Let f(t) = 33*t**2 + t - 7. Suppose 3*x + 10 - 23 = 4*q, -x = 4*q + 17. What is the hundreds digit of f(q)?
5
Let y(u) = -2*u**2 - 10*u + 15. Let i be y(-15). Let f = 331 - i. What is the tens digit of f?
1
Suppose 0*b + 6 = 3*m - 3*b, 5*b - 22 = -3*m. Let z be 6 + -7 + (0 - m). What is the tens digit of ((-1)/(-3))/(z/(-165))?
1
Let t(i) = -1680*i - 1248. What is the ten thousands digit of t(-10)?
1
Suppose 14*f - 9*f + 75 = 0. Let s = f + 7. What is the units digit of s/(-32) - (-31)/4?
8
What is the units digit of (20 - 7) + 2555 + 14?
2
Let f = -17767 - -47923. What is the thousands digit of f?
0
Suppose 0 = 80*q - 96*q + 150589 + 136211. What is the tens digit of q?
2
Let k(d) = -d**3 - 5*d**2 - 7*d. Let r be k(-2). Suppose 0 = -3*b - p + 1540, -r*b + 5*b - 4*p - 1550 = 0. What is the hundreds digit of b?
5
Suppose -42439 = -8*v + 146769. What is the tens digit of v?
5
Let x(v) = 6*v - 2. Let n be x(1). Let w be (-2)/(n/(-556)*1) - 2. Suppose 4*f = w + 32. W